and q?
8
Let h be (15/3 - 4)/((-3)/18). Let i = -54 - -4. Let p be -3 - (i + h/(-2)). Calculate the highest common divisor of p and 11.
11
Suppose -3*v - s = -16, -v + 5*s = -1 + 17. Suppose -v*b - 405 = -21. Let i be (-12)/(-20) - b/15. Calculate the greatest common divisor of i and 21.
7
Let q(a) = a**3 - 11*a**2 - 19*a - 35. Let c be q(14). What is the greatest common factor of 14 and c?
7
Let v = 1990 - 1834. Calculate the highest common divisor of 273 and v.
39
Let l(y) = -8*y**2 - 1 - 3 - y**3 + 0 - 9*y + 1. Let g be l(-8). What is the highest common factor of g and 23?
23
Let j(w) = -2*w**2 + w**2 - 104*w + 2 - 1 + 113*w. Let a be j(9). Calculate the greatest common divisor of a and 23.
1
Let n = 196 + -121. What is the greatest common factor of 15 and n?
15
Let k be -6 + 13 + 6/(-2). Suppose k*h + 36 = 156. Let r be 9 + (-4 - 1 - -2). What is the highest common factor of h and r?
6
Let v be 4 - (-6)/(-12)*0. What is the greatest common factor of v and 92?
4
Let f be (-9)/(21/(-13475)*5). What is the highest common factor of f and 132?
33
Let l be (-1160)/(-7 + 3) + (9 - 3). What is the greatest common factor of 72 and l?
8
Let l(v) = v**2 + 8*v - 16. Let i be l(-10). What is the greatest common divisor of 1 and i?
1
Suppose o - 62 = -k, -5*k - 6 = -1. Suppose -o = -9*j + 6*j. What is the highest common factor of j and 3?
3
Let a be 2/(4/(-2) + (-30)/(-10)). What is the highest common factor of 38 and a?
2
Let i be (-68)/3*(-6)/4. Let n be 1 + 3 + 1/((-3)/(-54)). Suppose 2*p = -o + n, -4*o + p = -104 + i. What is the highest common divisor of 18 and o?
18
Let v(w) = w + 27. Let r be v(-25). Suppose -37 - 187 = -r*n. Calculate the greatest common divisor of n and 14.
14
Suppose 3*a - c = 149 + 1527, c + 1118 = 2*a. Calculate the greatest common divisor of 62 and a.
62
Suppose 4*x + 1 = -3*w - 5, 4*w = -2*x - 8. Let t be (-3)/(((-1)/w)/(114/(-9))). What is the highest common factor of t and 190?
38
Let o(b) = b**3 + 4*b**2 - 35*b - 20. Let f be o(-8). What is the highest common divisor of 172 and f?
4
Suppose -3*l + 6210 = 20*l. Calculate the highest common divisor of l and 54.
54
Let j(c) = 2*c**2 - 22*c + 9. Suppose 3*l - 35 = k, -2*l - 5*k + 53 = 2*l. Let b be j(l). What is the highest common factor of b and 3?
3
Let f(c) = 492*c**2 - 8*c + 5. Let y be f(2). Calculate the greatest common divisor of y and 19.
19
Let s be (54/(-12))/(69/24 - 3). What is the greatest common factor of s and 45?
9
Let a(m) = 2*m - 12. Let o be a(8). Suppose y = 4*y + s - 179, y - 78 = -o*s. What is the highest common factor of 87 and y?
29
Let g(m) = 11*m**2 + 3*m + 1. Let q be g(4). Let s = -99 + q. Suppose -2*z - z = 2*f - s, 5*f = -2*z + 71. Calculate the greatest common factor of z and 7.
7
Let z(q) = -q**3 - 2*q**2 - 2*q + 6. Let x be z(-3). Let r be (-14)/x - 200/(-3). What is the greatest common factor of 33 and r?
33
Let u(q) be the first derivative of q**2/2 + 11*q - 5. Let z be u(8). What is the greatest common factor of z and 209?
19
Let l(h) = h**2 + 79*h + 828. Let d be l(-67). Let x be (-1 + -1 + 6)*4. Calculate the highest common divisor of x and d.
8
Let w(p) = -194*p + 388. Let f be w(-6). What is the highest common divisor of f and 16?
16
Let g be -12*(-2 - 18/4). Suppose t - g = 3*p, 6*p - p = t - 86. Let m be -18*176/8*(-1)/4. What is the greatest common factor of t and m?
33
Suppose 2*p + 2377 = 3*s, 3*s - 401 - 1980 = 4*p. What is the greatest common factor of 113 and s?
113
Suppose -4*p + 30 = -2*p - 2*a, -p + 13 = a. Let y = p + 49. Suppose -s = -y - 30. What is the highest common divisor of s and 62?
31
Suppose 5*l - 2045 = -430. What is the highest common factor of l and 17?
17
Suppose 0 = 10*r - 14*r + 8. Let z be r/22*-2 - 8792/(-77). Calculate the greatest common divisor of 76 and z.
38
Suppose -13*x = 42*x - 14300. What is the greatest common factor of 104 and x?
52
Suppose -13*r = -3*r + 10. Let q = 1 - r. Calculate the greatest common divisor of q and 10.
2
Suppose -51*w + 43*w + 1696 = 0. Calculate the greatest common factor of 159 and w.
53
Suppose -6 = -u - n, -5*u - 41*n + 46*n = 20. Suppose -t - 2*t = -9. Suppose 44 = -t*a + 7*a. What is the greatest common factor of a and u?
1
Let n(z) = -z**2 - 9*z + 141. Let k be n(-14). What is the greatest common factor of 639 and k?
71
Let u(l) = -l**3 + 26*l**2 - 25*l + 50. Let k be u(14). Calculate the greatest common factor of 76 and k.
76
Suppose -2*m = 3 + 3. Let q be (4/(-6))/(m/18). Suppose r = -q*r + 5*w + 595, 4*r - 3*w = 477. What is the highest common factor of 24 and r?
24
Suppose -o = -0*o - 2. Let f(a) = 0 + o + a - 2 + 2*a**2 + 3. Let h be f(6). What is the greatest common factor of 9 and h?
9
Suppose 5*l = 2*l + 189. Suppose -l = -2*s + 163. Let g = s - 58. Calculate the highest common divisor of g and 11.
11
Let h(i) = -i**3 + 10*i**2 - 9*i + 5. Let n be h(9). Suppose -o + 103 = k, 0*o = k - n*o - 73. Calculate the greatest common factor of k and 28.
14
Let v = -20 - -31. Suppose -v*s = -9*s - 38. Calculate the greatest common divisor of s and 19.
19
Let k(s) = -s**2 + 10*s + 4. Let r be k(9). Let i = r - 9. Suppose -p - 4*z = 2*p - 371, i*z - 137 = -p. Calculate the greatest common factor of p and 13.
13
Suppose -3*d = -7*d + 12. Suppose 4*y + y - 55 = -5*z, -61 = -3*y + 4*z. What is the greatest common factor of d and y?
3
Suppose -49*o + 51*o - 47 = -v, -2*v + 92 = 5*o. What is the highest common divisor of v and 2703?
51
Suppose 4*a + 8*a - 12 = 0. Let v be a + -5 - (-49 + -3). What is the highest common divisor of 16 and v?
16
Let g be 10/85 + 763/17. Calculate the greatest common divisor of g and 45.
45
Suppose u + o + 4*o - 37 = 0, -3*o = -15. Calculate the greatest common divisor of u and 75.
3
Let l = 282 - 225. What is the greatest common factor of l and 95?
19
Let d(n) = 15*n - 629. Let z be d(42). Let t = 6 - -5. What is the highest common divisor of z and t?
1
Suppose -5*l + 2*x + 206 = 0, 3*l - 5*x - 114 = -7*x. What is the highest common divisor of 88 and l?
8
Let m be 1719/(8 - -1) - -1. Calculate the greatest common divisor of m and 40.
8
Let f = 163 + 68. What is the greatest common factor of 132 and f?
33
Let k = -97 - -202. Calculate the highest common factor of 70 and k.
35
Let x be 7/((-28)/12) - -6. Suppose -5*n + 39 = w - 0, -x*w + 5*n + 37 = 0. What is the greatest common divisor of w and 19?
19
Let m(z) = -z**2 + 15*z + 9. Let o be m(14). Let g = 16 + o. Let b = g - 33. Calculate the highest common divisor of b and 54.
6
Suppose -2*i = -13 + 3. Suppose 0 = j - i*j + 40. Suppose 4*a + a - j = 0. Calculate the highest common divisor of a and 16.
2
Suppose 58*u = 72*u - 22372. What is the greatest common factor of u and 34?
34
Suppose 3*r + 14 + 51 = 5*j, -r - 65 = -5*j. Calculate the highest common divisor of 13 and j.
13
Let i be (-2)/8 + (-1)/((-8)/26). Suppose -i*t = -4*t + 3. Calculate the greatest common factor of t and 21.
3
Let v = 264 + -149. What is the highest common divisor of 92 and v?
23
Let t = -1287 - -1375. What is the greatest common divisor of 484 and t?
44
Suppose 54 = 4*x + 2. Suppose v = -0*v + x. Let q be (-13)/3*-11*3. What is the highest common divisor of q and v?
13
Suppose 4*k + 8*a + 421 = 9*a, -5*k = a + 515. Let n = k - -126. What is the greatest common divisor of n and 66?
22
Suppose -243 = -7*c - 2*c. Calculate the greatest common factor of 135 and c.
27
Suppose -9*i - 846 = -11*i. What is the greatest common divisor of i and 47?
47
Suppose 3*m = 2*z - 4*z - 388, -516 = 4*m + 4*z. Let j = m - -67. Let o be 2/(1 + j/69). What is the highest common factor of 253 and o?
23
Let u be (-8 - (-1463)/28)/(3/16). What is the greatest common divisor of u and 4?
4
Let k = -228 + 390. Suppose -k = -4*w - 2*l, -3*w = -w - 5*l - 63. Let r be -2*(1 - w/6). What is the highest common factor of 11 and r?
11
Suppose 1 + 17 = -2*v. Let s be (v/6)/(2/12). Let n be ((-68)/4 + 4)*s. Calculate the highest common divisor of 13 and n.
13
Let y(m) = -11*m - 6. Let c be y(2). Let h be (50/8)/(105/c - -4). Calculate the greatest common divisor of 10 and h.
5
Suppose 4*u + 3*d - 36 = 0, 20 = 5*u + 5*d - 20. Suppose 45 = 2*g + g. Calculate the greatest common factor of u and g.
3
Suppose 0*z + 8 = 2*z. Suppose 0*v + z*v = 44. Let p be 